 p?
5
Let z = -37 - -34. Let q(k) = k**3 + 4*k**2 + k - 2. Let i be q(z). Suppose 0 = -4*h + i*s + 328, 3*h + 4*s - 158 = h. What is the tens digit of h?
8
Let i(w) = -w**3 - 15*w**2 - 16*w - 4. Let a be i(-14). What is the units digit of 7002/a + 2/8?
2
Suppose -10*q + 31*q - 144331 = 10*q. What is the ten thousands digit of q?
1
Let j be 5 - (-55)/(-10) - (-308)/8. Suppose -3*o - 2*o = -255. Let d = j + o. What is the units digit of d?
9
Let p be 450/(-55) + 8 + (-4)/(-22). Suppose -7*q + 12*q - 20 = p, h - 231 = -2*q. What is the units digit of h?
3
Let l(c) = -c**3 - 28*c**2 + 2*c - 37. Let p be l(-28). Let o = p + 118. What is the units digit of o?
5
Suppose 0 = -2*k - 5*s + 30245, -57*s + 55*s - 75598 = -5*k. What is the hundreds digit of k?
1
Let y(o) = 77*o**3 + 6*o**2 - 4*o + 2. Let v be (3/9 - 0)/((-1)/(-6)). What is the hundreds digit of y(v)?
6
Let g(i) = -6*i + 242. Let s be g(41). What is the units digit of s*15/12 - (-586)/2?
8
Suppose 6*h + 204 - 4062 = 0. Suppose 2*u = -m + h - 64, -m + u = -585. What is the hundreds digit of m?
5
Let f be (3 + -3 + -4)*-1. Let b(q) = 115*q - 1. Let k(p) = -1. Let i(r) = f*k(r) - b(r). What is the tens digit of i(-1)?
1
Let s(l) = 2*l - 12. Let d be s(10). Suppose -12*o = -d*o - 904. What is the tens digit of o?
2
What is the tens digit of (10 - 558/54)/(2/(-86718))?
5
Suppose -2*f + 3*i = -19, 2*i + 0 + 2 = -4*f. Suppose 2 = -b + f*b, 2*n = b + 46. Let g = -4 + n. What is the tens digit of g?
2
Suppose -3*y + 988 = -2*t, -3*y + 7*y = -4*t + 1344. Let a = 421 - y. What is the units digit of a?
9
Let y be (-1880 + 15/(-3))*2/5. Let g = y + 1127. What is the tens digit of g?
7
Let n(p) = 59*p**3 - 4*p**2 + 49*p - 185. What is the units digit of n(4)?
3
Suppose -4*v - 2*a = -112, 4 = -4*a + 3*a. Suppose v = -6*u + 4*u - 4*i, 4*u + 4*i + 72 = 0. What is the tens digit of 226/14*3 + (-12)/u?
4
Let y(q) = -70*q**2 + q + 2. Let k be y(-3). What is the tens digit of (k/4)/(-8 + 310/40)?
3
Let q = 3763 - 988. Suppose -4*o = -5*s + q, -7*s = -10*s - 2*o + 1643. What is the units digit of s?
1
Let c = -6 + 5. Let v(b) = b**3 + 5*b**2 - 37*b + 13. Let x be v(-9). Let l = x - c. What is the tens digit of l?
2
Let n = -27435 - -40878. What is the tens digit of n?
4
Let k(n) = n**3 + 12*n**2 - 13*n + 33. Let b be k(-13). Suppose -16 = -37*g + b*g. What is the hundreds digit of (18/g)/(1 + 106/(-108))?
2
Let a(y) = 24*y**3 - 5*y**2 - 27*y - 21. What is the units digit of a(5)?
9
Suppose -22*k + 149 = 83. Suppose -k*v = -o - 288 + 1029, 0 = 4*v - 20. What is the tens digit of o?
5
Let i = -1897 - -8206. What is the units digit of i?
9
Suppose 0 = 4*g - 2*t - 30, 0*g = 2*g - 5*t - 35. Let n(b) = 4 + 10*b**2 + g*b**2 - 12*b - 12*b**2. What is the units digit of n(5)?
9
Suppose -309295 = -5*q - 5*w, -317*w - 309277 = -5*q - 313*w. What is the thousands digit of q?
1
Let o(d) = -6586*d - 3862. What is the tens digit of o(-4)?
8
Let b = 1271 + 210. What is the tens digit of b?
8
Suppose 816 = 65*n + 101. Suppose 0 = -n*i - 8*i + 28975. What is the tens digit of i?
2
What is the hundreds digit of 345/414 - (-86817)/18?
8
What is the tens digit of (20/4 - 1960245/(-145)) + 2/29?
2
Suppose 54758 = 25*v - 37867. What is the tens digit of v?
0
Let k be 2 + 5 + (-55)/11. Suppose -5*t = -k*c - 1254, -4*t - 7*c + 12*c + 1010 = 0. What is the tens digit of t?
5
What is the units digit of ((-233248)/(-64))/((-3)/(-6))?
9
Let o = -525 + 2949. Let g = o - 1614. Suppose -261 - g = -9*m. What is the hundreds digit of m?
1
Suppose 6*f = 3*f + 12. Let a(y) = y**2 - 5. Let d be a(f). Let q(c) = c**2 - 9*c + 3. What is the units digit of q(d)?
5
Let x(y) = 15*y**2 + 23*y - 108. Let v be x(9). Suppose 4*u + 1329 = 3*o, 4*u + v = 3*o + 5*u. What is the units digit of o?
9
Suppose -5*q + 0*q + 40 = 0. Let g(d) = 17*d + 10*d - 5*d - q + 10*d. What is the tens digit of g(3)?
8
Let x(a) = -599*a + 171. Let k be x(6). What is the units digit of 12/(-60) - k/15?
8
Let z(h) = 2*h**3 - 3*h**2 + 311*h + 51. What is the thousands digit of z(22)?
6
Let s(m) = -2*m**3 + 8*m**2 + 11736 + 14*m - 11727 + m**3. Let h = 2 + 5. What is the tens digit of s(h)?
5
Let h = -37 + 25. Let j be (-1 + (-36)/(-8))*h. What is the tens digit of (j/(-12))/(1/34)?
1
Let n be 1/10 + (-2261)/(-190). What is the units digit of (((-4155)/(-6))/(-5))/(n/(-24))?
7
Suppose 0 = -9*p - 3*p - 300. What is the tens digit of ((-13228)/(-5))/4 - (-10)/p?
6
Let l(k) = -670*k - 745. What is the hundreds digit of l(-7)?
9
Let r be 45/2 - ((-57)/2)/19. Suppose r*j - 14400 = 14*j. What is the hundreds digit of j?
4
Suppose -2*b + 8 = -12. Suppose l = -15 + b. Let d = -1 - l. What is the units digit of d?
4
Let x = 152 - 241. Let q = 445 + x. What is the units digit of q?
6
Let l(o) = -8*o**2 - 26*o - 29. Let b(y) = -23*y**2 - 74*y - 88. Let c(a) = -3*b(a) + 8*l(a). What is the hundreds digit of c(16)?
5
Suppose -2*c = -4*t - 34, -53 = -4*c + t + 4*t. Suppose 770 + 735 = -c*b. Let d = 360 + b. What is the tens digit of d?
4
Let y(r) = -r**3 - 110*r**2 - 96*r + 969. What is the thousands digit of y(-111)?
3
Suppose 2*k - 15*u + 16*u - 64343 = 0, 0 = 2*k + 5*u - 64331. What is the units digit of k?
3
Let j(l) = -2*l**3 + 11*l**2 - 8*l + 17. Let i be j(5). Suppose -5*q + i*q + 915 = 0. What is the tens digit of q?
0
What is the units digit of (5 - 1) + (20662 - (15 - 27))?
8
Suppose i + 2*i - 3*d = -27, -i = 5*d + 15. Let j be (18/i)/3 - 39/(-15). Suppose 0 = -3*f - 3*t - 4 + 37, 33 = 3*f + j*t. What is the tens digit of f?
1
Let o(u) = u**3 + 8*u**2 - 22*u - 12. Let w(z) = -2*z**3 - 16*z**2 + 43*z + 24. Let d(g) = 5*o(g) + 2*w(g). What is the units digit of d(-10)?
8
Let n(h) = -h**3 + 8*h + 12. Let u be n(-7). Suppose k = -5*m + u, 0*k - 61 = -m + k. What is the tens digit of m?
6
Let v(r) = r**3 - 15*r**2 - 10*r + 10. Let h be 29/2 - (-165)/66. What is the hundreds digit of v(h)?
4
Suppose 909 = -g + 4*g + 5*t, -310 = -g - 4*t. Suppose -g = -8*p + 150. What is the units digit of p?
6
Let y = 91 - 88. Let t be (((-35)/(-10))/7)/(y/6). What is the units digit of t*(4 + 135 + 5)?
4
What is the thousands digit of -3 + 2 + 15928 - (-2 + -2)?
5
Let w(v) = -40*v**3 + 46*v**2 - 2*v - 23. What is the ten thousands digit of w(-8)?
2
Suppose -20*a - 1 - 39 = 0. Let h be -2 - 6/(-4) - a/4. Suppose -c + 3*y + 238 = h, 4*y + 907 = 4*c + y. What is the tens digit of c?
2
What is the units digit of (-460)/1035 + 114596/18?
6
Suppose 10*l - 141 = 49. Suppose l*k = 20*k - 47. Suppose -p + 110 = k. What is the tens digit of p?
6
Suppose q + 786 = 2*j, -4*j - 3*q - 512 = -2054. What is the tens digit of j?
9
Let p(f) = 7*f - 11. Let k be p(2). Let i(z) = 14*z**3 + z**2 + 3*z - 7. What is the units digit of i(k)?
9
Suppose 83*d + 48 = 99*d. Suppose d*f - 3209 = 5*o, 5*f - 2*f + 3*o - 3249 = 0. What is the units digit of f?
8
Suppose -29*h = -22*h - 182. Suppose -h*k + 3603 = -5731. What is the hundreds digit of k?
3
Let j(f) = -17*f + 7. Let l(q) = -6*q - 34. Let k be l(-7). Let g(o) = 25*o - 11. Let c(r) = k*j(r) + 5*g(r). What is the units digit of c(-3)?
4
What is the tens digit of (-4)/10 - (-132)/(-55)*46413/(-18)?
8
Let t = -824 - 774. Let p = -371 - t. What is the thousands digit of p?
1
Let a be (-14)/(-63) - 160/(-9). Suppose 21 = z + a. Suppose 3*k + z*k - 246 = 0. What is the units digit of k?
1
Let d(c) = 36*c - 175. Let p be d(5). Suppose -p*h + 2325 = -2870. What is the hundreds digit of h?
0
Let h = 24563 + -23510. What is the hundreds digit of h?
0
Let i(n) be the second derivative of n**4/6 - 2*n**3 + 6*n**2 + 8*n. Let q be i(6). What is the tens digit of (-3 + 32/q)/(2/(-426))?
7
Suppose 32*d = 186170 - 3258. What is the units digit of d?
6
Let u(f) = 9*f**2 - 6. Let o be u(-5). Suppose -118 + 249 = x. Let b = o - x. What is the tens digit of b?
8
Suppose -34 = x + 4. Let y = x - -43. Suppose -3*o + 248 = 4*c - 2*o, y*o = -c + 43. What is the units digit of c?
3
Suppose 0 = 35*i - 41*i + 72504. Suppose i = -b + 13*b. What is the hundreds digit of b?
0
Let c be 900/144 - 7/(-4). Suppose 2*k = -4*q + c*q - 280, -2*k - 209 = -3*q. What is the tens digit of q?
7
Let m(v) = -2*v**2 - 17*v - 24. Let b be m(-6). Suppose 791 = -b*w + 7*w + 5*j, -5*w + 3851 = -j. What is the tens digit of w